me factors of f.
3, 11
Suppose -3*v - 18 = 2*v + 3*s, 4*s = -4*v - 16. List the prime factors of v/(-6) - (-1551)/6.
7, 37
Let x(w) = 51*w**2 + 6*w - 10. List the prime factors of x(-6).
2, 5, 179
Let v = 2197 - 673. What are the prime factors of v?
2, 3, 127
Let r = 8 + 113. Let q = r - 82. What are the prime factors of q?
3, 13
Let w(o) = -1 - 5*o + 3*o + 0*o. What are the prime factors of w(-3)?
5
Suppose 0 = -6*m + 4883 + 9289. List the prime factors of m.
2, 1181
Let a(v) = -590*v - 18. List the prime factors of a(-1).
2, 11, 13
Let c(o) = 2*o**2 - 6*o. Let s be c(4). Let t be (264/8)/(6/s). Let j = -16 + t. List the prime factors of j.
2, 7
Suppose -21*n + 13219 + 6395 = 0. What are the prime factors of n?
2, 467
Let a(r) = -r**3 + 7*r**2 + 12*r + 2. What are the prime factors of a(-4)?
2, 5, 13
Let t = -71 - -76. Suppose t*k - 5*f = 120, -4*k + 9*k - f = 100. List the prime factors of k.
19
Let i = 104 + -64. Let s = i - 23. What are the prime factors of s?
17
Let y be (12/10)/(14/735). Suppose 4*o - y + 19 = 0. Suppose 87 = -o*r + 14*r. List the prime factors of r.
29
Suppose 0 = 2*f + f + 3*f. Suppose f = 2*d - 6*d + 480. What are the prime factors of d?
2, 3, 5
Let a(r) = 118*r + 153. List the prime factors of a(3).
3, 13
Suppose -6 = -6*n + 6. List the prime factors of ((-8)/(-20))/(n/305).
61
List the prime factors of ((-1)/5)/(60/(-822300)).
2741
Suppose -5*p + 20 = 0, -3*o + 4*p + 1547 = -0*p. What are the prime factors of o?
521
Let j = -39 + 44. Suppose 0*q - 2*q = y - 200, -5*q = j*y - 505. What are the prime factors of q?
3, 11
Suppose i = -3*i + 20. Suppose 0 = i*h - h + 8. What are the prime factors of 102/4 + 1/h?
5
Suppose 0 = 4*t - 2*f - 11 + 37, 0 = 3*t + f + 22. Let z = -5 - t. Suppose z*y = 3*s - 7*s + 90, -3*s = 4*y - 155. List the prime factors of y.
5, 7
Suppose 6*q - 1277 = 2299. What are the prime factors of q?
2, 149
Let m = -6 - -15. Let t = -177 - -279. What are the prime factors of t/(-15)*(4 - m)?
2, 17
Let h(k) = -2*k + 10. Suppose 3*o = 4*v + 115, 3*o = v - o + 32. Let l = v - -19. What are the prime factors of h(l)?
2, 7
Suppose 2*i + 5*v - 6236 = 0, -v - 19 = -17. What are the prime factors of i?
3, 347
Let k be ((3 - 2) + -1)*12/(-24). Suppose -2*q + 62 + 38 = k. List the prime factors of q.
2, 5
Suppose 174 = -3*h - 2*h + 3*m, m = -h - 30. Let t = 12 - h. Let c = 76 - t. What are the prime factors of c?
31
Suppose 5*g + g - 30 = 0. Suppose f = -g, -2*h - 7*f = -2*f - 329. What are the prime factors of h?
3, 59
Suppose 10*h + 5 = -25. What are the prime factors of (0 - -4) + h + 7?
2
Suppose u = 3*b - 11, -7*u + 2*u = -5. Suppose 3*m - 2*m = -5*c - 11, -b*m = 4*c - 4. What are the prime factors of m - (-18 - 6/(-2))?
19
Let u = 7 - 3. Suppose 164 = u*l - 5*w + 3, l + 4*w = 35. List the prime factors of l.
3, 13
Suppose -1165 + 5673 = 2*z + 2*x, 3*x = 4*z - 8988. What are the prime factors of z?
2, 3, 5
Let d be 15/10*(-8)/(-6). Suppose 4*l - 330 = -d*l. Suppose 5*m + 4*j = -0*j + l, 44 = 4*m - j. What are the prime factors of m?
11
Suppose -3*r + r + 76 = 0. Suppose d + r = 2*h, 3*h - d = d + 58. What are the prime factors of h?
2, 3
Let o be 46/3 - 6/(-9). Suppose -2*b - o = -2. What are the prime factors of (-37)/b + (-6)/21?
5
Suppose -28 - 42 = -i. Suppose 4*j = 3*q + i, 2*j - 3*j = 4*q - 27. Let k = j + 19. List the prime factors of k.
2, 19
Suppose n - 3939 = -5*m, 2*m - n - 2*n - 1562 = 0. List the prime factors of m.
787
Let d = -1616 + 2827. What are the prime factors of d?
7, 173
What are the prime factors of ((-968)/24)/11*-1641?
11, 547
Let y(a) = a**3 + 2*a**2 + 6*a - 34. What are the prime factors of y(12)?
2, 13, 79
Let s be 1/(-2 - 182/(-90)). Let l = -16 - -35. Let u = s - l. List the prime factors of u.
2, 13
Let c = 30 - 16. Let n = 10 + c. What are the prime factors of -5 + 3 + 2 + n?
2, 3
Let c = -64 - -67. Suppose c + 156 = 3*r. List the prime factors of r.
53
Suppose 0 = 8*w - 12*w - 5*z + 1573, -5*w = -4*z - 1956. What are the prime factors of w?
2, 7
Suppose 4*g - 2758 = 2*q, -g = 4*q - 5*q - 687. What are the prime factors of g?
2, 173
Let a(v) = -2*v + 20. Let m be a(11). What are the prime factors of (m - -4 - -80)*(-5)/(-5)?
2, 41
Let f(c) = 2*c**2 - 6*c - 3. Let x be f(4). What are the prime factors of (-1)/((10/(-284))/x)?
2, 71
Suppose -2*p + 258 = p. Suppose p = 5*q - 4*k, 4*q + 2*k = -0*k + 74. Let m = q + -16. List the prime factors of m.
2
Let s be 134/11 - (-2)/(-11). What are the prime factors of 22 - 3*(-4)/s?
23
Let h(q) = 3*q - 76. Let n be h(27). Suppose 0 = n*t - 1870 + 335. What are the prime factors of t?
307
Suppose 16 = 2*j + 3*t, -2*j = 2*t - 6*t + 12. Suppose -310 = -j*f - 0*f. List the prime factors of f.
5, 31
Suppose 3*r - 3 - 3 = 0. Suppose 13 = -4*a + 3*a + 4*w, 4*a - 20 = -r*w. Suppose 0 = -a*d - 5*t + 123, -d - 5*t + 215 = 4*d. List the prime factors of d.
2, 23
Let j(z) = 6*z**2 + 18*z + 22. Let w(d) = -6*d**2 - 16*d - 19. Let u(c) = -5*j(c) - 6*w(c). Suppose 2*r + 3*r = -20. What are the prime factors of u(r)?
2, 19
Suppose -5*b + 0*b - 115 = 0. Let o = 28 + b. Suppose -104 = -2*h - 0*h - p, o*h + 3*p - 261 = 0. What are the prime factors of h?
3, 17
Let s be (-1)/(-3) + (-264)/(-18). Suppose -6*m + s + 3 = 0. List the prime factors of m.
3
Suppose 0 = -34*l + 32*l + 1356. What are the prime factors of l?
2, 3, 113
Let h(c) = c**2 + 2. Let j be h(-3). Let x(u) = 6*u + 4. Let g(w) = 18*w + 10. Let l(b) = 3*g(b) - 8*x(b). What are the prime factors of l(j)?
2
Suppose -5*o + 18 = -u, -3*o + 1 = -2*u - 7. Suppose o*d - 507 = d. Suppose -3*n - d = -5*g, 2*n = -0 - 6. What are the prime factors of g?
2
Let m(u) = -88*u + 509. What are the prime factors of m(-39)?
7, 563
Let f = -58 + 62. Suppose f*n = 157 + 171. List the prime factors of n.
2, 41
Suppose 3*y + 4*j + j - 62 = 0, 0 = 2*y - 2*j - 52. What are the prime factors of y?
2, 3
Let g(a) = -a**2 + 8*a - 10. Let s be g(4). Suppose s*t = 9*t - 186. List the prime factors of t.
2, 31
Let c(m) = 7*m**2 + 3*m + 19. What are the prime factors of c(-18)?
7, 11, 29
Suppose 0 = -12*d + 7*d + 25. What are the prime factors of 2/3*3*(43 - d)?
2, 19
Let p be (-32)/12 + 4/6. What are the prime factors of 0 - (-9 - (4 + p))?
11
Suppose 9*h = -6 + 33. Suppose a - 40 = -u, 53 = 2*a + h*u - 24. List the prime factors of a.
43
Suppose 13*l = 2697 + 202. List the prime factors of l.
223
Suppose -t = -2, 2*f - 3*t + 9 = -f. List the prime factors of (-76 - f)/(-8 - -7).
3, 5
Suppose 26*d = 5*d + 6279. List the prime factors of d.
13, 23
Suppose 0 = 6*c - 22535 + 4889. What are the prime factors of c?
17, 173
Let i be 7 - 11 - -27*1. Let m = 39 - i. Suppose m + 33 = 7*j. What are the prime factors of j?
7
List the prime factors of (30/40)/((12/(-11296))/(-1)).
2, 353
Let r be 0 - 0 - 18/9. Let p be r/((-3)/(-18)*2). List the prime factors of ((-3)/p)/(3/138).
23
Let i be (-22)/26 + (-4)/26. Let j(l) = -161*l - 4. List the prime factors of j(i).
157
Suppose -30*g + 21*g + 8928 = 0. List the prime factors of g.
2, 31
Let b(s) = -s**2 + 18*s - 12. Let h be b(17). Suppose 3*n - h*t - 202 = -n, -5*t = n - 63. List the prime factors of n.
53
Suppose 4*t + 4*j = -52, -t = -0*t + 3*j + 23. Let b be (-2)/t + 1908/48. List the prime factors of (-1*b)/(-2) - -4.
2, 3
Suppose -1188 = -3*f + 4*k, 1179 = 3*f - 8*k + 7*k. What are the prime factors of f?
2, 7
Let s be (-7 + 3 - 70) + -5. Let q = s + 209. What are the prime factors of q?
2, 5, 13
Let t = 10 + -8. Let w = t - -3. Suppose 5*z - 5*f = 185, 0*z + 2*f + 179 = w*z. What are the prime factors of z?
5, 7
List the prime factors of (-20 + 1)*(-14 - 15).
19, 29
What are the prime factors of 179/(-14)*-230 + (-200)/(-700)?
17, 173
Let p(d) = -4*d + 2*d + 3 + d + d**2 + 3. What are the prime factors of p(8)?
2, 31
Let v = 318 - 54. Let o = 459 - v. What are the prime factors of o?
3, 5, 13
Let x(v) = v**3 - 68*v**2 - 37*v - 4. What are the prime factors of x(69)?
2, 19, 29
Let u be ((-36)/14)/(-2 + (-13322)/(-6664)). What are the prime factors of u/40 + 6/10?
2, 3
Suppose 11*a - 12682 = -4487. What are the prime factors of a?
5, 149
Let k = -65 - -160. Suppose -93*c + k*c - 4 = 0. What are the prime factors of c?
2
Let b = -4857 - -10775. What are the prime factors of b?
2,